ctor of 108 and 24?
12
Calculate the highest common factor of 53 and 1325.
53
What is the highest common factor of 27660 and 12?
12
What is the greatest common divisor of 132 and 72?
12
Calculate the highest common divisor of 1331 and 7744.
121
What is the greatest common factor of 2 and 110?
2
What is the greatest common factor of 5376 and 140?
28
What is the greatest common divisor of 4046 and 14?
14
What is the highest common divisor of 5670 and 42?
42
What is the highest common factor of 1476 and 45?
9
Calculate the highest common divisor of 7 and 610.
1
Calculate the highest common factor of 84 and 399.
21
What is the greatest common factor of 3672 and 1728?
216
What is the greatest common divisor of 14 and 1050?
14
What is the highest common factor of 1023 and 33?
33
What is the greatest common factor of 1161 and 27?
27
What is the highest common divisor of 800 and 352?
32
Calculate the highest common divisor of 238 and 102.
34
What is the greatest common divisor of 966 and 42?
42
What is the greatest common divisor of 851 and 259?
37
What is the greatest common factor of 17 and 459?
17
What is the highest common divisor of 125 and 50?
25
What is the greatest common divisor of 2867 and 47?
47
Calculate the greatest common divisor of 164 and 95120.
164
What is the highest common divisor of 53477 and 106?
53
What is the greatest common factor of 260 and 160?
20
What is the greatest common divisor of 599 and 2?
1
Calculate the highest common factor of 2101 and 22.
11
Calculate the highest common factor of 6 and 78.
6
Calculate the highest common factor of 36 and 4122.
18
Calculate the highest common divisor of 120 and 570.
30
What is the greatest common factor of 429 and 286?
143
Calculate the greatest common divisor of 734 and 4.
2
Calculate the highest common factor of 24 and 1936.
8
What is the highest common divisor of 36 and 84?
12
What is the greatest common factor of 77 and 1023?
11
Calculate the greatest common factor of 8848 and 28.
28
Calculate the greatest common divisor of 627 and 228.
57
What is the greatest common divisor of 636 and 57?
3
What is the greatest common divisor of 30 and 520?
10
Calculate the greatest common factor of 78 and 208.
26
Calculate the greatest common divisor of 170 and 30.
10
What is the greatest common divisor of 84 and 21?
21
Calculate the highest common divisor of 312 and 364.
52
What is the greatest common divisor of 2904 and 66?
66
Calculate the greatest common divisor of 73086 and 78.
78
What is the highest common factor of 56 and 322?
14
Calculate the highest common divisor of 100 and 330.
10
What is the greatest common factor of 209 and 132?
11
What is the highest common divisor of 143 and 451?
11
What is the highest common divisor of 3655 and 860?
215
Calculate the greatest common factor of 45 and 33.
3
What is the highest common divisor of 408 and 696?
24
What is the highest common factor of 559 and 301?
43
Calculate the greatest common factor of 1408 and 2.
2
Calculate the greatest common divisor of 481 and 407.
37
What is the greatest common factor of 4000 and 104?
8
What is the greatest common divisor of 64 and 432?
16
What is the greatest common factor of 6026 and 184?
46
What is the greatest common factor of 42 and 330?
6
What is the greatest common factor of 10 and 295?
5
Calculate the greatest common factor of 3088 and 16.
16
What is the greatest common factor of 637 and 13?
13
What is the highest common divisor of 364 and 13?
13
Calculate the highest common divisor of 441 and 6741.
63
Calculate the greatest common divisor of 216 and 400.
8
Calculate the highest common factor of 481 and 1.
1
What is the greatest common factor of 5202 and 18?
18
Calculate the highest common divisor of 122 and 2.
2
What is the highest common factor of 3384 and 48?
24
What is the highest common divisor of 18 and 576?
18
Calculate the greatest common factor of 16 and 464.
16
What is the greatest common factor of 34 and 21981?
17
What is the highest common divisor of 21 and 133?
7
Calculate the greatest common factor of 296 and 56.
8
Calculate the highest common factor of 8 and 200.
8
What is the highest common factor of 69216 and 28?
28
Calculate the greatest common divisor of 949 and 146.
73
What is the greatest common factor of 680 and 440?
40
What is the highest common factor of 5175 and 50?
25
What is the greatest common factor of 1233 and 27?
9
Calculate the highest common divisor of 183 and 3.
3
Calculate the greatest common divisor of 45 and 5.
5
Calculate the greatest common divisor of 232 and 29.
29
Calculate the greatest common factor of 170 and 10.
10
What is the greatest common divisor of 4 and 1860?
4
Calculate the highest common factor of 5 and 55.
5
What is the highest common divisor of 256 and 48?
16
What is the highest common factor of 1521 and 234?
117
Calculate the highest common factor of 171 and 279.
9
What is the greatest common factor of 23865 and 15?
15
Calculate the highest common divisor of 440 and 385.
55
What is the highest common factor of 261 and 58?
29
What is the highest common factor of 162 and 72?
18
What is the greatest common factor of 440 and 56?
8
Calculate the highest common divisor of 58 and 14.
2
What is the greatest common factor of 2460 and 20?
20
Calculate the highest common divisor of 94 and 1081.
47
What is the greatest common divisor of 332 and 83?
83
Calculate the highest common factor of 14 and 350.
14
What is the greatest common divisor of 63 and 14?
7
Calculate the highest common divisor of 189 and 783.
27
Calculate the highest common divisor of 986 and 464.
58
What is the greatest common factor of 994 and 71?
71
What is the highest common factor of 6588 and 162?
54
Calculate the greatest common divisor of 68 and 136.
68
Calculate the greatest common divisor of 16049 and 11.
11
Calculate the highest common divisor of 18 and 140.
2
What is the greatest common divisor of 108 and 384?
12
Calculate the highest common divisor of 138 and 24.
6
Calculate the highest common factor of 63658 and 14.
14
What is the highest common factor of 57 and 1406?
19
What is the highest common factor of 377 and 312?
13
What is the greatest common divisor of 732 and 8?
4
What is the highest common divisor of 323 and 1870?
17
Calculate the highest common factor of 39 and 6318.
39
Calculate the greatest common divisor of 18 and 999.
9
Calculate the greatest common divisor of 1326 and 78.
78
What is the highest common divisor of 247 and 475?
19
What is the highest common divisor of 279 and 3?
3
Calculate the greatest common divisor of 7 and 91.
7
Calculate the greatest common divisor of 1976 and 8.
8
Calculate the greatest common factor of 29 and 10817.
29
Calculate the greatest common divisor of 85 and 13430.
85
Calculate the greatest common factor of 14 and 70.
14
What is the highest common factor of 42 and 546?
42
What is the highest common factor of 11584 and 64?
64
Calculate the greatest common factor of 615 and 15.
15
What is the greatest common divisor of 95 and 133?
19
What is the greatest common factor of 56 and 632?
8
Calculate the greatest common factor of 14 and 8785.
7
Calculate the greatest common divisor of 168 and 567.
21
Calculate the highest common factor of 15 and 2115.
15
Calculate the greatest common divisor of 1958 and 66.
22
Calculate the highest common factor of 240 and 12.
12
Calculate the highest common factor of 214 and 535.
107
Calculate the highest common divisor of 494 and 416.
26
What is the highest common factor of 12540 and 24?
12
Calculate the greatest common factor of 3 and 39.
3
What is the greatest common divisor of 28 and 36?
4
What is the highest common divisor of 925 and 111?
37
What is the highest common divisor of 96 and 78?
6
Calculate the highest common factor of 2241 and 54.
27
Calculate the greatest common divisor of 153 and 513.
9
What is the greatest common factor of 609 and 957?
87
Calculate the greatest common factor of 38 and 779.
19
Calculate the greatest common divisor of 130 and 590.
10
What is the highest common divisor of 6130 and 10?
10
What is the highest common divisor of 39 and 4017?
39
What is the highest common factor of 144 and 150?
6
Calculate the highest common divisor of 82 and 6109.
41
Calculate the highest comm